ns digit of z?
9
Suppose 4*s + 34 = 134. What is the tens digit of s?
2
Suppose -4*b - 12 = -4*r, -6 = 4*r - 2*b + 7*b. Suppose 2*z = r + 7. What is the units digit of z?
4
Let l = 8 + 2. Suppose -l = -2*i + 8. What is the units digit of i?
9
Let x = 13 + -8. Suppose -27 = -0*v - 2*v - x*c, -5*v = -2*c + 5. Suppose -2*q - 2*j = -2, q - 7*j = -3*j + v. What is the units digit of q?
1
Let q be (1 + 0)/((-3)/(-6)). Suppose -2 = -2*m + q. Suppose 2 = 3*d - m*d. What is the units digit of d?
2
Let c = 13 - 4. Let o(t) = t**3 - 9*t**2 - 2*t + 11. Let j be o(c). Let k = j - -14. What is the units digit of k?
7
Let w = -13 - -21. What is the units digit of (w/6)/((-4)/(-6))?
2
Suppose 18 = -0*f + 3*f. Suppose 2*j = -f*g + 3*g + 9, 0 = -4*g - 12. What is the units digit of j?
9
Suppose -3*r + 238 = -2*m - 45, 4*m = -4*r + 364. What is the tens digit of r?
9
Suppose 498 = -3*h + 9*h. What is the units digit of h?
3
Let l be 26 - (4/2 - 3). Suppose -7 + l = -4*i. What is the units digit of (-6)/9 + i/(-3)?
1
Let t = 11 - 9. Suppose v - t*y = -4*v + 60, -60 = -5*v + y. What is the units digit of v?
2
Let l = -2 - 4. What is the units digit of ((-2)/l)/((-2)/(-48))?
8
Let m = -90 - -193. Suppose 0 = 4*p - 5*h - m, 2*p = 5*p - 2*h - 72. What is the units digit of p?
2
Let n be -2 - (2 + -8 + -1). Let s = n - 1. Suppose -3*c - 5*g = 11, 3*g - 7 = -c + s*g. What is the units digit of c?
3
Suppose 3*m + 3 = -5*j - 10, -19 = 3*m - j. Let q be (-93)/2*4/m. Suppose -4*f + q = 3. What is the units digit of f?
7
Suppose -4*w = -6*w. Suppose 78 = 2*v - w*v. What is the tens digit of v?
3
Let t = -18 + 25. Let g = 12 - t. What is the units digit of g?
5
Suppose -2*p - 20 = -4*p. What is the units digit of ((-12)/p)/((-9)/60)?
8
Let y = 0 + 8. Suppose 108 = 5*g - 4*a, 5*a + y - 47 = -g. Suppose -4*l = -2*l - g. What is the units digit of l?
2
Suppose 1099 = 4*z + z - o, 5*z = -2*o + 1087. What is the units digit of z?
9
What is the units digit of (-312)/(-130) + (-3)/(-5)?
3
Let i be -4 + 2 + 532/(-7). Let c = 115 + i. What is the tens digit of c?
3
Suppose 31*v + 585 = 36*v. What is the units digit of v?
7
Let m = 118 - 62. What is the tens digit of m?
5
Let n = 13 - 7. Let u = -18 + n. What is the units digit of (u/(-8))/(1/6)?
9
Let z = -4 - -6. Suppose v - 1 = -z*x, 0 = -5*x + 5*v + 2 - 7. Suppose g = -4*q - 0*g + 28, -g = x. What is the units digit of q?
7
Let v = 28 + -5. Suppose -2*j = -5 - v. Let a = -2 + j. What is the units digit of a?
2
What is the tens digit of 6/(-39) - 8952/(-52)?
7
Suppose -4*n + 4*s = -358 - 46, n + 3*s = 109. What is the units digit of n?
3
What is the tens digit of 37/(4/12*3)?
3
Suppose j - 2 = -j, 5*j = y + 42. Let p = -24 - y. What is the units digit of p?
3
Suppose 4*d = -2*d + 396. What is the tens digit of d?
6
Suppose -4*h = q - 105 - 1, -635 = -5*q + h. What is the units digit of q?
6
Suppose 0 = -5*t + 217 - 72. What is the units digit of t?
9
Let b(g) = -g - 1. Let p be b(8). Let j(t) = t**3 - 10*t**2 + 11*t - 2. Let z be j(9). Let h = p + z. What is the units digit of h?
7
Suppose -5*c = -5*r - 3*c + 11, -16 = -4*r - 2*c. Let l(h) = h**3 - h**2 - 3*h + 2. Let f be l(2). Let w = f + r. What is the units digit of w?
3
Suppose -3*m = -m + 24. Let d = -7 - m. What is the units digit of d?
5
What is the units digit of (176 + -4 - 5)/1?
7
Suppose 3*y - 305 = -2*y. What is the tens digit of y?
6
Suppose 125 = -10*r + 15*r. What is the tens digit of r?
2
Let y(q) = -q**2 - 10*q + 66. What is the units digit of y(-13)?
7
Let c = 49 + -10. Let b = c - 11. What is the tens digit of b?
2
Suppose 2*x - p = -3*x + 25, -3*p = -2*x - 3. Suppose c + x = 3*c. What is the units digit of c?
3
Let l = 30 + -18. Suppose -2*z - l = -5*a, -a - 6 = 5*z - 30. What is the units digit of a?
4
Let u = -9 + 3. Let y(t) be the first derivative of t**3/3 + 2*t**2 - 8*t - 6. What is the units digit of y(u)?
4
Let i(t) = t + 7. Let c be i(-3). Suppose -q - c = -2*q. What is the units digit of q?
4
What is the units digit of (-1 + -11)/(48/(-168))?
2
Suppose 0*j - u = 2*j - 34, -2*u = j - 17. What is the units digit of j?
7
Suppose -5*q + 95 = 3*d - 0*d, 0 = -4*d. Suppose 0 = 4*x - 3*a + 33, 3*x + 0*x + 31 = a. Let o = q + x. What is the units digit of o?
7
Let q be 15/(-3) + 2 + -2. Let c = q + 8. Suppose c*l + 7 = 22. What is the units digit of l?
5
Let q = 222 + -150. What is the tens digit of q?
7
What is the tens digit of ((-22)/(-4) - (1 + 3))*80?
2
Let b(o) be the third derivative of -o**5/60 + o**4/4 - o**3/3 - o**2. Let g be b(7). Let r = -2 - g. What is the units digit of r?
7
Let z = -19 - -17. Let y be (0/(-1))/(-1 - -2). Let g = y - z. What is the units digit of g?
2
Suppose 4*j = j + 2*c + 21, -29 = -4*j + 3*c. What is the units digit of j?
5
Let r be (-1)/(-3) + (-4)/(-6). Let h(x) = 0*x**2 - x**3 + r + 0*x**2 - 4*x**2. What is the units digit of h(-4)?
1
Suppose -4*n + 0*w - 44 = w, 2*n - w = -16. Let l be -10*(1 + 42/n). Suppose l = f + 3*f. What is the units digit of f?
8
What is the tens digit of (7 - -3) + 4 + -3?
1
Let d be 2 - (1 + 0)/1. What is the tens digit of (d - -4)/((-2)/(-4))?
1
Suppose -4*i = -4*a + 952, -5*a - 5*i + 104 = -1076. What is the tens digit of a?
3
Let d = 1 + 8. Suppose 0 = 2*j - d - 19. What is the units digit of j?
4
Let j(v) = -v**3 - 9*v**2 + v + 8. Let p be j(-9). Let h = p - -8. What is the units digit of h?
7
Let m = -15 + 65. What is the tens digit of m?
5
Suppose -6*i + 5*i = -10. What is the tens digit of i?
1
What is the tens digit of (2552/33)/(1/3) - -2?
3
Let t(f) = -2*f + 4. Let o be t(3). Let d(g) = -2*g**3 - 4*g**2 - 3*g - 1. What is the units digit of d(o)?
5
Suppose -5*f = 3*a + 13 - 1, 3*f + 6 = -3*a. Let b(r) = -r**2 + 0*r**2 - a + 6*r + 9. What is the units digit of b(7)?
1
What is the tens digit of 1/((-2)/(-4)) - -13?
1
Suppose 0*s = -2*s + 96. What is the units digit of s?
8
Let n = -27 + 57. What is the tens digit of n?
3
Let q be (-345)/(-105) + 2/(-7). Suppose 0*r + r - 36 = -f, 118 = q*r + f. What is the tens digit of r?
4
Let l = 72 + -53. What is the tens digit of l?
1
Let q = 25 - -1. What is the units digit of q?
6
Suppose -4*d = -2*v + 2, -2*d + 2*v - 7*v = -5. Suppose d = 4*r - 2*p + 10, -2*p + 3 + 4 = -r. Let b(a) = -5*a. What is the units digit of b(r)?
5
Suppose 4*p - k = -5*k - 16, 0 = -5*p + k - 14. Let q be (1/(-3))/(-1)*p. Let g(b) = 6*b**2 - 1. What is the units digit of g(q)?
5
Suppose 2*u - 5*b + 0*b = -14, 0 = -2*u + 3*b - 6. Suppose -3*r - 2*r = 4*y - 54, 3*y - 39 = -u*r. What is the tens digit of y?
1
Suppose -3*k - 2*f - 16 = 0, 2*k = 5*f + 1 - 18. Let r = -4 - k. What is the units digit of r?
2
Let k = -5 - -7. Let m = -6 + 11. What is the units digit of (m/(-2))/(k/(-4))?
5
Suppose -8 = 2*x + 10. Let h be (4/(-3))/(6/x). Suppose -h*w + i = -2*i - 23, 2*i + 42 = 4*w. What is the units digit of w?
0
Let u(j) = 4 - 3 + 2*j - 4. Suppose 5*k + 8 - 23 = 0. What is the units digit of u(k)?
3
Let o(c) = 2*c. What is the tens digit of o(10)?
2
Let j(z) = z**2 + z - 13. Let x be j(0). Suppose s - 23 = 2*t, -64 = -5*s + t + 42. Let o = x + s. What is the units digit of o?
8
Let l(n) = n**2 - n. Let t(z) = -3*z**2 - 3*z - 10. Let s(h) = 4*l(h) + t(h). What is the units digit of s(9)?
8
Suppose 4*s = 42 + 162. What is the tens digit of s?
5
Suppose g - 2*p = -g + 8, 14 = 3*g - 2*p. Let w(c) = -3*c**2 - 9*c + 1. Let u(d) = 2*d**2 + 4*d. Let v(l) = -5*u(l) - 3*w(l). What is the units digit of v(g)?
3
Let d(a) be the first derivative of -a**2/2 - a + 2. Let u be d(-3). Suppose -u*z = z - 33. What is the units digit of z?
1
Let z = -150 - -163. What is the units digit of z?
3
Let x(y) = -y + 37. What is the tens digit of x(18)?
1
What is the tens digit of (186/1 - 2) + -5?
7
Suppose 2*a = -0*a - 3*b - 4, 2*b + 9 = 5*a. What is the units digit of 0 + a/1 - -11?
2
Let w = -6 + 4. Suppose 0*l = -4*l. Let t = l - w. What is the units digit of t?
2
Suppose 0 = 4*q + 405 + 27. What is the units digit of (q/21)/(9/(-42))?
4
Suppose 12 = 3*o, -7*w + 52 = -2*w - 2*o. What is the units digit of w?
2
Let p = 3 + 2. Let f(z) = 2*z + 1. What is the tens digit of f(p)?
1
Let l(y) = -y**2 - 7*y. Let v be (-30)/8 - (-2)/(-8). What is the tens digit of l(v)?
1
Let w be (0*1/2)/1. Let s(r) = 2